{"id":183,"date":"2023-08-22T14:00:35","date_gmt":"2023-08-22T17:00:35","guid":{"rendered":"http:\/\/webapp389041.ip-198-58-123-167.cloudezapp.io\/extensao\/?page_id=183"},"modified":"2023-10-17T07:21:26","modified_gmt":"2023-10-17T10:21:26","slug":"pense-bem","status":"publish","type":"page","link":"https:\/\/faculdadesalvadorarena.org.br\/extensao\/pense-bem\/","title":{"rendered":"Pense Bem"},"content":{"rendered":"\n<p><\/p>\n\n\n\n<div class=\"wp-block-columns alignwide is-layout-flex wp-container-core-columns-is-layout-28f84493 wp-block-columns-is-layout-flex\">\n<div class=\"wp-block-column is-layout-flow wp-block-column-is-layout-flow\">\n<p><\/p>\n\n\n\n<div class=\"wp-block-columns alignwide is-layout-flex wp-container-core-columns-is-layout-28f84493 wp-block-columns-is-layout-flex\">\n<div class=\"wp-block-column is-layout-flow wp-block-column-is-layout-flow\">\n<p>A Faculdade de Tecnologia Termomecanica (FTT), mantida pela Funda\u00e7\u00e3o Salvador Arena, deu in\u00edcio \u00e0s suas atividades acad\u00eamicas em 2003 e atualmente disponibiliza mais de 1.400 vagas em seus cursos de bacharelado e p\u00f3s-gradua\u00e7\u00e3o, contando com um ensino de alta qualidade e totalmente gratuito, que busca desenvolver a forma\u00e7\u00e3o integral dos alunos.<\/p>\n\n\n\n<p>O Projeto Pense Bem foi implementado na FTT em 2018 e o interesse pelo desenvolvimento da tem\u00e1tica foi despertado pelo aumento significativo de problemas socioemocionais apresentados pelos alunos e pelos dados alarmantes divulgados pelo Centro de Valoriza\u00e7\u00e3o da Vida (CVV) e pela Organiza\u00e7\u00e3o Mundial da Sa\u00fade (OMS), relacionados ao aumento dos \u00edndices de suic\u00eddio e depress\u00e3o entre os jovens e adultos, no Brasil e no mundo.<\/p>\n\n\n\n<p>O entendimento de que as habilidades socioemocionais s\u00e3o t\u00e3o importantes quanto os resultados cognitivos e de que o desenvolvimento de caracter\u00edsticas ligadas ao comportamento e \u00e0 administra\u00e7\u00e3o das pr\u00f3prias emo\u00e7\u00f5es podem impactar positivamente no aprendizado dos alunos e em suas rela\u00e7\u00f5es sociais, s\u00e3o as principais motiva\u00e7\u00f5es desse projeto.<br><br><strong>OBJETIVO<\/strong><\/p>\n\n\n\n<p>O Projeto Pense Bem prop\u00f5e a realiza\u00e7\u00e3o de a\u00e7\u00f5es cont\u00ednuas que visam orientar e mobilizar os alunos sobre os aspectos relacionados \u00e0 sa\u00fade mental, emocional e comportamental, vinculando o conhecimento te\u00f3rico aos diversos contextos da realidade, atrav\u00e9s da partilha, troca de experi\u00eancias, protagonismo juvenil e coopera\u00e7\u00e3o. Al\u00e9m disso, esse projeto tem como objetivo o desenvolvimento das compet\u00eancias socioemocionais dos alunos, visando prepar\u00e1-los para enfrentar os desafios da sociedade moderna e mercado de trabalho.<\/p>\n\n\n\n<div style=\"height:2em\" aria-hidden=\"true\" class=\"wp-block-spacer\"><\/div>\n\n\n\n<div class=\"wp-block-columns is-layout-flex wp-container-core-columns-is-layout-28f84493 wp-block-columns-is-layout-flex\">\n<div class=\"wp-block-column is-layout-flow wp-block-column-is-layout-flow\">\n<figure class=\"wp-block-image size-full\"><img loading=\"lazy\" decoding=\"async\" width=\"2480\" height=\"778\" src=\"http:\/\/webapp389041.ip-198-58-123-167.cloudezapp.io\/extensao\/wp-content\/uploads\/2023\/09\/penseprojeto.jpg\" alt=\"\" class=\"wp-image-288\" srcset=\"https:\/\/faculdadesalvadorarena.org.br\/extensao\/wp-content\/uploads\/2023\/09\/penseprojeto.jpg 2480w, https:\/\/faculdadesalvadorarena.org.br\/extensao\/wp-content\/uploads\/2023\/09\/penseprojeto-300x94.jpg 300w, https:\/\/faculdadesalvadorarena.org.br\/extensao\/wp-content\/uploads\/2023\/09\/penseprojeto-1024x321.jpg 1024w, https:\/\/faculdadesalvadorarena.org.br\/extensao\/wp-content\/uploads\/2023\/09\/penseprojeto-768x241.jpg 768w, https:\/\/faculdadesalvadorarena.org.br\/extensao\/wp-content\/uploads\/2023\/09\/penseprojeto-1536x482.jpg 1536w, https:\/\/faculdadesalvadorarena.org.br\/extensao\/wp-content\/uploads\/2023\/09\/penseprojeto-2048x642.jpg 2048w\" sizes=\"auto, (max-width: 2480px) 100vw, 2480px\" \/><\/figure>\n<\/div>\n<\/div>\n\n\n\n<div style=\"height:2em\" aria-hidden=\"true\" class=\"wp-block-spacer\"><\/div>\n\n\n\n<div class=\"wp-block-group alignwide is-layout-flow wp-block-group-is-layout-flow\" style=\"padding-bottom:18px\">\n<p><\/p>\n\n\n\n<h2 class=\"wp-block-heading has-text-align-center\">MATERIAIS DO PENSE BEM<\/h2>\n\n\n\n<hr class=\"wp-block-separator has-text-color has-alpha-channel-opacity has-background\" style=\"background-color:#ff8c00;color:#ff8c00\"\/>\n\n\n\n<p>A fim de operacionalizar as atividades e alcan\u00e7ar os objetivos propostos, no in\u00edcio do ano letivo foi constitu\u00eddo um comit\u00ea, composto por alunos da faculdade, os quais foram respons\u00e1veis por definir as a\u00e7\u00f5es a serem realizadas. Ap\u00f3s essa fase, o professor orientador passou a promover momentos de reflex\u00e3o com esse grupo, visando alinhar os objetivos do projeto e engaj\u00e1-los.<\/p>\n\n\n\n<p>Ao longo do projeto, foram desenvolvidas rodas de conversas e palestras relacionadas \u00e0 tem\u00e1tica socioemocional, al\u00e9m de diversas atividades voltadas para a valoriza\u00e7\u00e3o da vida, conforto emocional e preven\u00e7\u00e3o ao suic\u00eddio.<\/p>\n\n\n\n<p>Confira abaixo alguns materiais feitos pelos alunos, que podem auxiliar a comunidade.<\/p>\n<\/div>\n<\/div>\n<\/div>\n\n\n\n<div class=\"wp-block-group alignwide is-layout-flow wp-block-group-is-layout-flow\" style=\"padding-bottom:18px\">\n<p><\/p>\n<\/div>\n\n\n\n<div class=\"wp-block-columns alignwide is-layout-flex wp-container-core-columns-is-layout-359d190f wp-block-columns-is-layout-flex\" style=\"padding-bottom:18px\">\n<div class=\"wp-block-column is-layout-flow wp-block-column-is-layout-flow\">\n<div class=\"wp-block-group is-layout-constrained wp-container-core-group-is-layout-3d896455 wp-block-group-is-layout-constrained\">\n<div class=\"wp-block-group has-border-color has-dark-bg-border-color is-layout-flow wp-block-group-is-layout-flow\" style=\"border-style:solid;border-width:0.5em;border-radius:200px\">\n<figure class=\"wp-block-image aligncenter size-full is-resized has-custom-border is-style-hover-zoom\"><img loading=\"lazy\" decoding=\"async\" width=\"600\" height=\"600\" src=\"http:\/\/webapp389041.ip-198-58-123-167.cloudezapp.io\/extensao\/wp-content\/uploads\/2023\/08\/video.jpg\" alt=\"\" class=\"wp-image-243\" style=\"border-radius:200px;width:200px;height:200px\" srcset=\"https:\/\/faculdadesalvadorarena.org.br\/extensao\/wp-content\/uploads\/2023\/08\/video.jpg 600w, https:\/\/faculdadesalvadorarena.org.br\/extensao\/wp-content\/uploads\/2023\/08\/video-300x300.jpg 300w, https:\/\/faculdadesalvadorarena.org.br\/extensao\/wp-content\/uploads\/2023\/08\/video-150x150.jpg 150w\" sizes=\"auto, (max-width: 600px) 100vw, 600px\" \/><\/figure>\n<\/div>\n<\/div>\n\n\n\n<h5 class=\"wp-block-heading has-text-align-center has-normal-font-size\">V\u00cdDEOS<\/h5>\n\n\n\n<p class=\"has-text-align-center\" style=\"font-size:14px\"><a rel=\"noreferrer noopener\" href=\"https:\/\/www.youtube.com\/watch?v=rAgAv-qY2Ec&amp;list=PLooVx-mPzDuSr8MaGpW5BQNzpzPuM2dJV&amp;index=1\" target=\"_blank\">\u2022 Amei te Ver<\/a><br><a rel=\"noreferrer noopener\" href=\"https:\/\/www.youtube.com\/watch?v=JnZvwu1EiQE&amp;list=PLooVx-mPzDuSr8MaGpW5BQNzpzPuM2dJV&amp;index=2\" target=\"_blank\">\u2022 City of Stars<\/a><br><a rel=\"noreferrer noopener\" href=\"https:\/\/www.youtube.com\/watch?v=4hrjLhUTYuU&amp;list=PLooVx-mPzDuSr8MaGpW5BQNzpzPuM2dJV&amp;index=3\" target=\"_blank\">\u2022 Yesterday<\/a><br><a rel=\"noreferrer noopener\" href=\"https:\/\/www.youtube.com\/watch?v=WPNOHP6U0JQ&amp;list=PLooVx-mPzDuSr8MaGpW5BQNzpzPuM2dJV&amp;index=4&amp;t=79s\" target=\"_blank\">\u2022 Livre Estou<\/a><br><a rel=\"noreferrer noopener\" href=\"https:\/\/www.youtube.com\/watch?v=NBonqSf08sw&amp;list=PLooVx-mPzDuSr8MaGpW5BQNzpzPuM2dJV&amp;index=5&amp;t=2s\" target=\"_blank\">\u2022 Ser Feliz<\/a><\/p>\n<\/div>\n<\/div>\n\n\n\n<div style=\"height:2em\" aria-hidden=\"true\" class=\"wp-block-spacer\"><\/div>\n<\/div>\n<\/div>\n\n\n\n<div style=\"height:3rem\" aria-hidden=\"true\" class=\"wp-block-spacer\"><\/div>\n","protected":false},"excerpt":{"rendered":"<p>A Faculdade de Tecnologia Termomecanica (FTT), mantida pela Funda\u00e7\u00e3o Salvador Arena, deu in\u00edcio \u00e0s suas atividades acad\u00eamicas em 2003 e atualmente disponibiliza mais de 1.400 vagas em seus cursos de bacharelado e p\u00f3s-gradua\u00e7\u00e3o, contando com um ensino de alta qualidade e totalmente gratuito, que busca desenvolver a forma\u00e7\u00e3o integral dos alunos. O Projeto Pense Bem [&hellip;]<\/p>\n","protected":false},"author":1,"featured_media":0,"parent":0,"menu_order":0,"comment_status":"closed","ping_status":"closed","template":"","meta":{"_acf_changed":false,"footnotes":""},"class_list":["post-183","page","type-page","status-publish","hentry"],"acf":[],"_links":{"self":[{"href":"https:\/\/faculdadesalvadorarena.org.br\/extensao\/wp-json\/wp\/v2\/pages\/183","targetHints":{"allow":["GET"]}}],"collection":[{"href":"https:\/\/faculdadesalvadorarena.org.br\/extensao\/wp-json\/wp\/v2\/pages"}],"about":[{"href":"https:\/\/faculdadesalvadorarena.org.br\/extensao\/wp-json\/wp\/v2\/types\/page"}],"author":[{"embeddable":true,"href":"https:\/\/faculdadesalvadorarena.org.br\/extensao\/wp-json\/wp\/v2\/users\/1"}],"replies":[{"embeddable":true,"href":"https:\/\/faculdadesalvadorarena.org.br\/extensao\/wp-json\/wp\/v2\/comments?post=183"}],"version-history":[{"count":0,"href":"https:\/\/faculdadesalvadorarena.org.br\/extensao\/wp-json\/wp\/v2\/pages\/183\/revisions"}],"wp:attachment":[{"href":"https:\/\/faculdadesalvadorarena.org.br\/extensao\/wp-json\/wp\/v2\/media?parent=183"}],"curies":[{"name":"wp","href":"https:\/\/api.w.org\/{rel}","templated":true}]}}

<p></p>



<div class="wp-block-columns alignwide is-layout-flex wp-container-core-columns-is-layout-28f84493 wp-block-columns-is-layout-flex">
<div class="wp-block-column is-layout-flow wp-block-column-is-layout-flow">
<p></p>



<div class="wp-block-columns alignwide is-layout-flex wp-container-core-columns-is-layout-28f84493 wp-block-columns-is-layout-flex">
<div class="wp-block-column is-layout-flow wp-block-column-is-layout-flow">
<p>A Faculdade de Tecnologia Termomecanica (FTT), mantida pela Fundação Salvador Arena, deu início às suas atividades acadêmicas em 2003 e atualmente disponibiliza mais de 1.400 vagas em seus cursos de bacharelado e pós-graduação, contando com um ensino de alta qualidade e totalmente gratuito, que busca desenvolver a formação integral dos alunos.</p>



<p>O Projeto Pense Bem foi implementado na FTT em 2018 e o interesse pelo desenvolvimento da temática foi despertado pelo aumento significativo de problemas socioemocionais apresentados pelos alunos e pelos dados alarmantes divulgados pelo Centro de Valorização da Vida (CVV) e pela Organização Mundial da Saúde (OMS), relacionados ao aumento dos índices de suicídio e depressão entre os jovens e adultos, no Brasil e no mundo.</p>



<p>O entendimento de que as habilidades socioemocionais são tão importantes quanto os resultados cognitivos e de que o desenvolvimento de características ligadas ao comportamento e à administração das próprias emoções podem impactar positivamente no aprendizado dos alunos e em suas relações sociais, são as principais motivações desse projeto.<br><br><strong>OBJETIVO</strong></p>



<p>O Projeto Pense Bem propõe a realização de ações contínuas que visam orientar e mobilizar os alunos sobre os aspectos relacionados à saúde mental, emocional e comportamental, vinculando o conhecimento teórico aos diversos contextos da realidade, através da partilha, troca de experiências, protagonismo juvenil e cooperação. Além disso, esse projeto tem como objetivo o desenvolvimento das competências socioemocionais dos alunos, visando prepará-los para enfrentar os desafios da sociedade moderna e mercado de trabalho.</p>



<div style="height:2em" aria-hidden="true" class="wp-block-spacer"></div>



<div class="wp-block-columns is-layout-flex wp-container-core-columns-is-layout-28f84493 wp-block-columns-is-layout-flex">
<div class="wp-block-column is-layout-flow wp-block-column-is-layout-flow">
<figure class="wp-block-image size-full"><img loading="lazy" decoding="async" width="2480" height="778" src="http://webapp389041.ip-198-58-123-167.cloudezapp.io/extensao/wp-content/uploads/2023/09/penseprojeto.jpg" alt="" class="wp-image-288" srcset="https://faculdadesalvadorarena.org.br/extensao/wp-content/uploads/2023/09/penseprojeto.jpg 2480w, https://faculdadesalvadorarena.org.br/extensao/wp-content/uploads/2023/09/penseprojeto-300x94.jpg 300w, https://faculdadesalvadorarena.org.br/extensao/wp-content/uploads/2023/09/penseprojeto-1024x321.jpg 1024w, https://faculdadesalvadorarena.org.br/extensao/wp-content/uploads/2023/09/penseprojeto-768x241.jpg 768w, https://faculdadesalvadorarena.org.br/extensao/wp-content/uploads/2023/09/penseprojeto-1536x482.jpg 1536w, https://faculdadesalvadorarena.org.br/extensao/wp-content/uploads/2023/09/penseprojeto-2048x642.jpg 2048w" sizes="auto, (max-width: 2480px) 100vw, 2480px" /></figure>
</div>
</div>



<div style="height:2em" aria-hidden="true" class="wp-block-spacer"></div>



<div class="wp-block-group alignwide is-layout-flow wp-block-group-is-layout-flow" style="padding-bottom:18px">
<p></p>



<h2 class="wp-block-heading has-text-align-center">MATERIAIS DO PENSE BEM</h2>



<hr class="wp-block-separator has-text-color has-alpha-channel-opacity has-background" style="background-color:#ff8c00;color:#ff8c00"/>



<p>A fim de operacionalizar as atividades e alcançar os objetivos propostos, no início do ano letivo foi constituído um comitê, composto por alunos da faculdade, os quais foram responsáveis por definir as ações a serem realizadas. Após essa fase, o professor orientador passou a promover momentos de reflexão com esse grupo, visando alinhar os objetivos do projeto e engajá-los.</p>



<p>Ao longo do projeto, foram desenvolvidas rodas de conversas e palestras relacionadas à temática socioemocional, além de diversas atividades voltadas para a valorização da vida, conforto emocional e prevenção ao suicídio.</p>



<p>Confira abaixo alguns materiais feitos pelos alunos, que podem auxiliar a comunidade.</p>
</div>
</div>
</div>



<div class="wp-block-group alignwide is-layout-flow wp-block-group-is-layout-flow" style="padding-bottom:18px">
<p></p>
</div>



<div class="wp-block-columns alignwide is-layout-flex wp-container-core-columns-is-layout-359d190f wp-block-columns-is-layout-flex" style="padding-bottom:18px">
<div class="wp-block-column is-layout-flow wp-block-column-is-layout-flow">
<div class="wp-block-group is-layout-constrained wp-container-core-group-is-layout-3d896455 wp-block-group-is-layout-constrained">
<div class="wp-block-group has-border-color has-dark-bg-border-color is-layout-flow wp-block-group-is-layout-flow" style="border-style:solid;border-width:0.5em;border-radius:200px">
<figure class="wp-block-image aligncenter size-full is-resized has-custom-border is-style-hover-zoom"><img loading="lazy" decoding="async" width="600" height="600" src="http://webapp389041.ip-198-58-123-167.cloudezapp.io/extensao/wp-content/uploads/2023/08/video.jpg" alt="" class="wp-image-243" style="border-radius:200px;width:200px;height:200px" srcset="https://faculdadesalvadorarena.org.br/extensao/wp-content/uploads/2023/08/video.jpg 600w, https://faculdadesalvadorarena.org.br/extensao/wp-content/uploads/2023/08/video-300x300.jpg 300w, https://faculdadesalvadorarena.org.br/extensao/wp-content/uploads/2023/08/video-150x150.jpg 150w" sizes="auto, (max-width: 600px) 100vw, 600px" /></figure>
</div>
</div>



<h5 class="wp-block-heading has-text-align-center has-normal-font-size">VÍDEOS</h5>



<p class="has-text-align-center" style="font-size:14px"><a rel="noreferrer noopener" href="https://www.youtube.com/watch?v=rAgAv-qY2Ec&amp;list=PLooVx-mPzDuSr8MaGpW5BQNzpzPuM2dJV&amp;index=1" target="_blank">• Amei te Ver</a><br><a rel="noreferrer noopener" href="https://www.youtube.com/watch?v=JnZvwu1EiQE&amp;list=PLooVx-mPzDuSr8MaGpW5BQNzpzPuM2dJV&amp;index=2" target="_blank">• City of Stars</a><br><a rel="noreferrer noopener" href="https://www.youtube.com/watch?v=4hrjLhUTYuU&amp;list=PLooVx-mPzDuSr8MaGpW5BQNzpzPuM2dJV&amp;index=3" target="_blank">• Yesterday</a><br><a rel="noreferrer noopener" href="https://www.youtube.com/watch?v=WPNOHP6U0JQ&amp;list=PLooVx-mPzDuSr8MaGpW5BQNzpzPuM2dJV&amp;index=4&amp;t=79s" target="_blank">• Livre Estou</a><br><a rel="noreferrer noopener" href="https://www.youtube.com/watch?v=NBonqSf08sw&amp;list=PLooVx-mPzDuSr8MaGpW5BQNzpzPuM2dJV&amp;index=5&amp;t=2s" target="_blank">• Ser Feliz</a></p>
</div>
</div>



<div style="height:2em" aria-hidden="true" class="wp-block-spacer"></div>
</div>
</div>



<div style="height:3rem" aria-hidden="true" class="wp-block-spacer"></div>

<p>A Faculdade de Tecnologia Termomecanica (FTT), mantida pela Fundação Salvador Arena, deu início às suas atividades acadêmicas em 2003 e atualmente disponibiliza mais de 1.400 vagas em seus cursos de bacharelado e pós-graduação, contando com um ensino de alta qualidade e totalmente gratuito, que busca desenvolver a formação integral dos alunos. O Projeto Pense Bem [&hellip;]</p>
